14 = 6. Calculate the remainder when 28 is divided by i.
4
Let u be -12 + 4/2 + -4. Let c = u + 22. Calculate the remainder when 13 is divided by c.
5
Suppose -4*v = v - 125. Suppose r = 2*s - v, 2*r = -2*s - 4 + 26. Calculate the remainder when 23 is divided by s.
11
Let w be (-6)/4*(-10 + 0). Let z = -17 - -20. Suppose 3*o + 3 - 18 = -z*p, 3*o - w = -p. What is the remainder when 9 is divided by o?
4
Suppose 0 = -0*f + f - 3*b + 13, -21 = -3*f - 3*b. Let v be (0 + 1)*(f - 4). Let a(x) = 11*x**2 - 2*x + 1. What is the remainder when a(v) is divided by 17?
15
What is the remainder when 2/(-4)*2 + 42 is divided by 9?
5
Let b = -50 - -118. What is the remainder when b is divided by 14?
12
Suppose -4*n = n - 160. Suppose 7*w - 55 = 29. What is the remainder when n is divided by w?
8
Suppose 0*m - 156 = -3*m - h, 0 = 5*m + 4*h - 260. Calculate the remainder when m is divided by 19.
14
Let g(i) = -i**3 + 6*i**2 + 8*i - 3. Calculate the remainder when 14 is divided by g(7).
2
Let o = -6 + 5. Let x(z) = 15*z**2 + 2*z + 1. What is the remainder when x(o) is divided by 5?
4
Let y(i) = -23*i - 5. What is the remainder when y(-4) is divided by 15?
12
Let c = 26 - 14. Let y(z) = -37*z - 4. What is the remainder when y(-1) is divided by c?
9
Let r = -12 - -13. What is the remainder when 4 is divided by r?
0
Let h = 32 - -29. Calculate the remainder when h is divided by (1 + -4)*(-16)/3.
13
Let j = -159 - -293. What is the remainder when j is divided by 15?
14
Calculate the remainder when 11 is divided by 14*-3*(-8)/84.
3
Let n(u) = -2*u + 10. Let v be n(5). Suppose 0 = -v*g - g + 25. Calculate the remainder when g is divided by 13.
12
Suppose 2*s = 3*u + 11 + 15, 6 = -3*u. What is the remainder when 38 is divided by s?
8
Let y(h) = h**3 + 14*h**2 - 3*h. Let w = -3 - 11. Calculate the remainder when y(w) is divided by 22.
20
Let d = -7 + 2. Let m = 3 - d. What is the remainder when 13 is divided by m?
5
Suppose o = 4*c - 0*o - 54, 5*c = -4*o + 57. Let g = 23 - c. What is the remainder when 27 is divided by g?
7
Suppose x + 6*a = 3*a + 14, -x = 4*a - 13. Calculate the remainder when 83 is divided by x.
15
Suppose 3*z - f - 6 = 0, 0*z = 4*z - 4*f - 8. Calculate the remainder when 23 is divided by (-53)/(-4) - z/8.
10
Let z(o) = o**2 + 5*o + 5. What is the remainder when (-8)/10*(-45)/2 is divided by z(-5)?
3
Calculate the remainder when 720/(-75)*(-2 - 3) is divided by 17.
14
Let g be 10*1/(-3)*3. Let x be 1 + 0 + -5 + -5. Let r = x - g. What is the remainder when r is divided by 1?
0
Let s be 1 + (3 - 0) + -1. Suppose -30 = -2*i - s*i. Suppose -i*w = -w - 50. Calculate the remainder when w is divided by 4.
2
Let j(f) = -3*f - 6. Let o = 17 + 7. Suppose -2*b = -4*d + o, 6 = 3*b - 6*b - 4*d. Calculate the remainder when j(b) is divided by 7.
5
Let d be ((-2)/3)/((-6)/117). Suppose 5*y = 4*n + 19, 3*y = 2*n - 0 + d. What is the remainder when 18 is divided by y?
4
Let s(k) = k**2 + 6*k + 9. Suppose 15 = -3*z - z + 3*w, -4*w = 5*z + 42. What is the remainder when 17 is divided by s(z)?
8
What is the remainder when 13 is divided by 549/81 - 4/(-18)?
6
Let f = 2 - 0. Let u = 28 + -17. Suppose -3*w + 22 + 42 = 2*s, -5*s - u = -f*w. What is the remainder when 34 is divided by w?
16
Let r be (1 - 1)/(1 - -1). Let i be 2 + -1 - 6/(-3). Suppose 0 = -4*l + i*l - 2*n - 1, -3*n - 3 = r. What is the remainder when l is divided by 1?
0
Suppose 2*z + 36 = -z. What is the remainder when 47 is divided by 4/(z/(-39)) + 3?
15
Suppose 0 + 7 = u. What is the remainder when (-2)/(-2) - (-17 + -2) is divided by u?
6
Let i = 4 - 3. Suppose 4*s = 3*j - 15, -13 = -5*j + s - 5. Calculate the remainder when i is divided by j.
0
Let p = -13 - -59. What is the remainder when p is divided by 6?
4
Suppose 5*x + a + 189 = 0, -x + 53 = -2*x - 4*a. Let h = -15 - x. What is the remainder when h is divided by 12?
10
Suppose -5*v - 5*k = -405, -2*k + 105 - 517 = -5*v. Let y be (-4)/6 - v/(-6). Suppose -1 = -w, x = -x - w + y. Calculate the remainder when 10 is divided by x.
4
Let b(o) = o**2 + 16*o + 22. Calculate the remainder when (0 + (-20)/(-3))*3 is divided by b(-15).
6
Suppose 2*s + 3*s + 4*x = 25, -x + 25 = 5*s. Suppose -80 = -s*d - 0*d. What is the remainder when 30 is divided by d?
14
Suppose 2*y - s + 51 = -0*y, 0 = -4*s + 12. Let g be (y/10)/((-3)/(-15)). Calculate the remainder when 18 is divided by 45/g*(-8)/3.
8
Let v = 144 - 89. What is the remainder when v is divided by 28?
27
Calculate the remainder when (-9)/18 + 5/2 is divided by 2.
0
Suppose v - 3 = -5*f - v, -4*f - 4*v = 0. Suppose -2*c - f + 31 = 0. Calculate the remainder when 72 is divided by c.
12
Let x = 64 - 41. Let m(z) = -12*z**3 - z**2 - z. Let l = 5 - 6. What is the remainder when x is divided by m(l)?
11
Let j = 358 + -222. What is the remainder when j is divided by 46?
44
Suppose 27 = d - 5*k, 3*d - 114 = d - 5*k. What is the remainder when d is divided by 16?
15
Let h(a) = a**2 + 6*a - 1. What is the remainder when h(-9) is divided by 7?
5
Let m = 26 - 16. Calculate the remainder when 3 is divided by (6 - 1)*4/m.
1
Let k = 6 - 6. Suppose k = -i - 7 - 10. Let x = -2 - i. Calculate the remainder when x is divided by 8.
7
Let d(q) = q**2 + q + 16. What is the remainder when 45 is divided by d(0)?
13
Let j(i) = 2*i + 3. Calculate the remainder when j(0) is divided by 3.
0
Let c(f) be the second derivative of f**5/20 - 5*f**4/12 - f**3/6 - 4*f**2 - 2*f. Let b = 39 - 27. What is the remainder when c(6) is divided by b?
10
Suppose 153 = 5*x - 192. What is the remainder when x is divided by 35?
34
Let v(t) = t - 11. Let p be v(0). Let r = 16 + p. What is the remainder when r is divided by 2?
1
Calculate the remainder when 31 is divided by (4 - 7)*(-11)/3.
9
Suppose 3*b - 40 = 50. Let w = b - -1. Suppose -5*y + 52 = 3*h, -15*y + 10*y - h = -54. What is the remainder when w is divided by y?
9
Let z(j) = -j**2 - 10*j - 1. What is the remainder when 28 is divided by z(-8)?
13
Suppose 2*s + 3*s - 4*k = 90, -2*k + 4 = s. What is the remainder when 41 is divided by s?
13
Let m(a) = 2*a**2 - 8*a - 2. Calculate the remainder when m(6) is divided by (-42)/(-5) + 3*(-8)/60.
6
Let j(h) = h**3 - 17*h**2 + 15*h + 24. Calculate the remainder when j(16) is divided by 2.
0
Let g(u) = -104*u**3 + 2*u**2 - 1. Let a be g(-1). Let p = -62 + a. What is the remainder when p is divided by 15?
13
Let s = 9 + 0. What is the remainder when 15 is divided by s?
6
Let v = -69 + 125. Calculate the remainder when 108 is divided by v.
52
Let m = 15 - -5. Calculate the remainder when 77 is divided by m.
17
Suppose -m = -5*m + 100. What is the remainder when m is divided by 9?
7
Let v = 33 + 0. What is the remainder when v is divided by 19?
14
Let s = -112 - -160. Let t = 2 + s. Calculate the remainder when t is divided by 17.
16
Calculate the remainder when 31 is divided by (4*8/(-64))/((-1)/8).
3
Suppose -d + 104 = 3*d. Suppose 4*c - 26 - 10 = 0. Calculate the remainder when d is divided by c.
8
Suppose 0 = -5*h + 3*h + 154. Let o = 1 - -4. Suppose 3*p + o*r = 60, 3*p - 4*r + 11 = 71. What is the remainder when h is divided by p?
17
Let j(n) = n**2 + n + 11. Calculate the remainder when 489/15 + 3/(-5) is divided by j(0).
10
Let b(c) = c**2 + 2*c + 4. Let s be b(-2). Suppose -4 = 4*v, s*v + 9 = 3*p - 16. What is the remainder when 18 is divided by p?
4
Let g(h) = -h**3 - 11*h**2 - 10*h + 7. Calculate the remainder when 13 is divided by g(-10).
6
Suppose 0 = h - 4*h + 93. What is the remainder when 121 is divided by h?
28
Let v(x) = 2*x. Let w be v(2). Suppose 3*f - 3 = 0, a + 5*f - 80 = -w*a. What is the remainder when 44 is divided by a?
14
Suppose -20 = -s - 4. Let r(q) = 11*q**2 - 5*q - 2. Let z be r(-6). What is the remainder when z/14 + 2/(-7) is divided by s?
14
Suppose -y = 3 - 34. What is the remainder when y is divided by 16?
15
Suppose 281 + 156 = s. Calculate the remainder when s is divided by 55.
52
Let f(w) = 8*w**2 + 6 - 7*w**2 - 3*w**3 + 8*w + 6*w**2 + 4*w**3. Let h = 6 + -11. Calculate the remainder when 31 is divided by f(h).
15
Let i = -19 - -15. Let s = 18 - i. What is the remainder when 40 is divided by s?
18
Let v(p) = p + 11. Let m be v(-7). Suppose 4*r - i = 79, -m*r - 3*i + 22 = -61. Suppose 5*k = k + r. What is the remainder